ivided by 3159.
2871
Calculate the remainder when 529018 is divided by 19359.
6325
What is the remainder when 190645453 is divided by 6573981?
4
What is the remainder when 717906 is divided by 1145?
1136
Calculate the remainder when 13233162 is divided by 2205526.
6
What is the remainder when 754745 is divided by 5510?
5385
What is the remainder when 595648 is divided by 198534?
46
Calculate the remainder when 1268908 is divided by 12.
4
What is the remainder when 1204 is divided by 568?
68
Calculate the remainder when 14670210 is divided by 4890063.
21
Calculate the remainder when 400490218 is divided by 4810.
4808
What is the remainder when 6993983 is divided by 50?
33
What is the remainder when 7021554 is divided by 1751?
44
What is the remainder when 10534 is divided by 9279?
1255
What is the remainder when 5023380 is divided by 804?
792
Calculate the remainder when 200637 is divided by 100014.
609
What is the remainder when 6548923 is divided by 3011?
3009
What is the remainder when 28312 is divided by 25551?
2761
What is the remainder when 19979110 is divided by 222?
220
Calculate the remainder when 29307722 is divided by 1819.
1813
What is the remainder when 36383735 is divided by 23?
12
Calculate the remainder when 81036 is divided by 7366.
10
What is the remainder when 3092986 is divided by 56?
50
What is the remainder when 2627191 is divided by 525434?
21
What is the remainder when 46960531 is divided by 744?
739
What is the remainder when 607710 is divided by 151902?
102
What is the remainder when 6221210 is divided by 365953?
9
Calculate the remainder when 2453298 is divided by 613321.
14
What is the remainder when 227486 is divided by 610?
566
Calculate the remainder when 6907189 is divided by 1814.
1291
What is the remainder when 3005615 is divided by 8?
7
What is the remainder when 2256764 is divided by 188063?
8
Calculate the remainder when 8587400 is divided by 6688.
8
What is the remainder when 234218 is divided by 152?
138
Calculate the remainder when 14212 is divided by 3292.
1044
What is the remainder when 6859443 is divided by 342972?
3
What is the remainder when 1469932 is divided by 113069?
35
What is the remainder when 78033 is divided by 5202?
3
Calculate the remainder when 13801538 is divided by 19.
14
Calculate the remainder when 13889039 is divided by 264.
263
What is the remainder when 642239 is divided by 751?
134
Calculate the remainder when 977338 is divided by 42491.
45
Calculate the remainder when 206639 is divided by 206549.
90
What is the remainder when 1414999 is divided by 328?
7
Calculate the remainder when 1020020 is divided by 145712.
36
Calculate the remainder when 63986717 is divided by 82.
67
Calculate the remainder when 356828 is divided by 705.
98
What is the remainder when 7784056 is divided by 7927?
7669
Calculate the remainder when 12328264 is divided by 7.
4
Calculate the remainder when 1251728 is divided by 1249521.
2207
What is the remainder when 176649 is divided by 43964?
793
Calculate the remainder when 180257 is divided by 3337.
59
Calculate the remainder when 24896559 is divided by 709.
24
What is the remainder when 5862602 is divided by 5880?
242
Calculate the remainder when 854593 is divided by 2654.
5
What is the remainder when 1834233 is divided by 789?
597
Calculate the remainder when 137855115 is divided by 610.
605
What is the remainder when 9248309 is divided by 70?
49
What is the remainder when 62000 is divided by 15320?
720
What is the remainder when 2189770 is divided by 131?
105
Calculate the remainder when 2677028 is divided by 238.
4
Calculate the remainder when 30834885 is divided by 116.
113
What is the remainder when 7329087 is divided by 1047012?
3
Calculate the remainder when 90107 is divided by 38.
9
Calculate the remainder when 70172 is divided by 70125.
47
Calculate the remainder when 96116562 is divided by 367.
363
Calculate the remainder when 653257 is divided by 29675.
407
What is the remainder when 2907761 is divided by 163?
4
Calculate the remainder when 1340297761 is divided by 2393.
2391
What is the remainder when 39208397 is divided by 13069455?
32
Calculate the remainder when 46429 is divided by 22590.
1249
What is the remainder when 3659334 is divided by 1219772?
18
What is the remainder when 173570 is divided by 173489?
81
Calculate the remainder when 138560537 is divided by 1428459.
14
Calculate the remainder when 113541 is divided by 3414.
879
What is the remainder when 2108479639 is divided by 10?
9
Calculate the remainder when 489277 is divided by 2984.
2885
Calculate the remainder when 104145 is divided by 103345.
800
What is the remainder when 78028 is divided by 77585?
443
What is the remainder when 62551893 is divided by 2706?
2703
Calculate the remainder when 1283525 is divided by 2502.
2501
What is the remainder when 167807374 is divided by 132?
130
Calculate the remainder when 344134 is divided by 2364.
1354
Calculate the remainder when 5200535 is divided by 148586.
25
Calculate the remainder when 1697661 is divided by 424415.
1
Calculate the remainder when 2821111 is divided by 128232.
7
What is the remainder when 22552041 is divided by 513?
48
What is the remainder when 149375 is divided by 1573?
1513
What is the remainder when 241899 is divided by 15079?
635
Calculate the remainder when 943849 is divided by 5046.
247
What is the remainder when 848270 is divided by 1233?
1199
What is the remainder when 115007 is divided by 22997?
22
What is the remainder when 33385971 is divided by 26?
21
What is the remainder when 214360 is divided by 369?
340
Calculate the remainder when 183544 is divided by 3461.
111
What is the remainder when 12942167 is divided by 2588430?
17
Calculate the remainder when 203488 is divided by 624.
64
Calculate the remainder when 403881 is divided by 80771.
26
Calculate the remainder when 2354250 is divided by 555.
495
What is the remainder when 2711436 is divided by 246491?
35
What is the remainder when 3681468 is divided by 366?
240
What is the remainder when 24276373 is divided by 61?
20
What is the remainder when 8560276 is divided by 11?
10
Calculate the remainder when 1271393 is divided by 10253.
21
What is the remainder when 1403452 is divided by 350837?
104
Calculate the remainder when 12609005 is divided by 1444.
1441
Calculate the remainder when 15615010 is divided by 15614962.
48
What is the remainder when 19846 is divided by 764?
746
What is the remainder when 4804408 is divided by 6963?
6901
Calculate the remainder when 42944 is divided by 7437.
5759
Calculate the remainder when 706647 is divided by 78514.
21
What is the remainder when 12967 is divided by 762?
13
What is the remainder when 650249 is divided by 223?
204
Calculate the remainder when 955908 is divided by 34.
32
What is the remainder when 11383 is divided by 1156?
979
What is the remainder when 3142412 is divided by 1463?
1351
Calculate the remainder when 61176812 is divided by 2913181.
11
What is the remainder when 167486 is divided by 20879?
454
Calculate the remainder when 67910 is divided by 67058.
852
What is the remainder when 9467 is divided by 6650?
2817
Calculate the remainder when 7139246 is divided by 148732.
110
What is the remainder when 11987088 is divided by 450?
438
Calculate the remainder when 674681631 is divided by 368.
367
What is the remainder when 378427623 is divided by 83?
79
What is the remainder when 76604321 is divided by 368290?
1
What is the remainder when 2826949 is divided by 410?
409
Calculate the remainder when 29278649 is divided by 282.
281
Calculate the remainder when 17756131 is divided by 235.
1
What is the remainder when 1023532 is divided by 1023459?
73
What is the remainder when 6618 is divided by 1031?
432
What is the remainder when 44255325 is divided by 640?
605
What is the remainder when 751092 is divided by 187771?
8
Calculate the remainder when 187260 is divided by 1801.
1757
What is the remainder when 73832 is divided by 239?
220
Calculate the remainder when 18799424 is divided by 172.
168
Calculate the remainder when 32650606 is divided by 28.
2
Calculate the remainder when 4310435 is divided by 3021.
2489
What is the remainder when 219269410 is divided by 4091?
4083
Calculate the remainder wh